).
-19
Let f(t) = t**2 + 21*t + 73. Calculate f(-3).
19
Let s(g) = -6*g + 23. Determine s(14).
-61
Let q(k) = -k + 22. Calculate q(16).
6
Let h(g) = -11*g - 95. Give h(-9).
4
Let g(f) = f**3 + 12*f**2 + 16*f - 11. What is g(-10)?
29
Let q(t) = -20*t - 20. What is q(-1)?
0
Let u(t) = t**3 + t**2 + t + 4. Give u(-2).
-2
Let p(s) = -s**2 - s + 61. What is p(0)?
61
Let o(h) = h + 1. Calculate o(5).
6
Let b(y) = -y**3 - 6*y**2 + 14*y + 58. Calculate b(-7).
9
Let g(y) = y**3 - 4. Determine g(0).
-4
Let i(v) = v**2 + v + 6. What is i(7)?
62
Let u(q) = q**2 - 14*q - 141. Calculate u(21).
6
Let i(m) = 2*m**2 + 4*m + 14. Calculate i(0).
14
Let j(c) = 2*c**3 - c**2 - 3*c + 2. Calculate j(2).
8
Let u(j) = j**2 - 43. Calculate u(7).
6
Let u(x) = x**3 + 10*x**2 + 26*x - 4. Determine u(-7).
-39
Let y(k) = -k**2 + 9*k - 23. Calculate y(6).
-5
Let b(y) = -y**3 - y**2 + 6*y - 3. Calculate b(2).
-3
Let v(n) = -3*n + 2. Determine v(3).
-7
Let x(n) = 3*n**2 - 3. Calculate x(-2).
9
Let y(d) = -2*d**2 + d + 7. Calculate y(-3).
-14
Let j(x) = -11*x**2 - 27*x + 4. Calculate j(-3).
-14
Let p(n) = 6*n + 47. Calculate p(-7).
5
Let t(a) = -a**3 - 4*a**2 + 4*a - 1. What is t(-5)?
4
Let q(v) = v**2 - 5*v - 1. Determine q(2).
-7
Let z(p) = -2*p + 8. Give z(-11).
30
Let s(f) = -2*f**2 - 5*f - 11. What is s(-3)?
-14
Let d(u) = -9*u - 156. Determine d(-17).
-3
Let m(b) = b**3 + 9*b**2 + b + 8. Calculate m(-9).
-1
Let p(h) = h**2 + 14*h + 12. Calculate p(-9).
-33
Let z(w) = w**3 + 11*w**2 - 15*w - 16. Calculate z(-12).
20
Let o(u) = u**2 + 20*u + 47. Calculate o(-15).
-28
Let w(p) = p**3 - 12*p**2 + 7*p - 7. Determine w(11).
-51
Let s(p) = 5*p - 5. Give s(2).
5
Let z(k) = 5*k**2 - 4*k + 6. What is z(1)?
7
Let j(v) = -5*v. Calculate j(-1).
5
Let p(c) = -c**2 + 10*c. Calculate p(7).
21
Let y(u) = -3*u**2 + 14*u - 7. Give y(3).
8
Let i(a) = -a**2 + 2*a - 1. What is i(3)?
-4
Let u(z) = 4*z - 3. Determine u(-2).
-11
Let d(j) = 2*j**2 - 15*j + 12. Give d(7).
5
Let q(b) = -b**2 + 5*b + 7. What is q(-2)?
-7
Let b(n) = n - 13. What is b(10)?
-3
Let n(d) = -d**2 - 3*d + 12. Calculate n(-6).
-6
Let v(b) = -b**3 - 5*b**2 + 15*b + 2. Determine v(-7).
-5
Let k(n) = n**2 - 3*n - 11. What is k(6)?
7
Let k(r) = 20*r - 4. Calculate k(4).
76
Let n(u) = u - 9. Determine n(4).
-5
Let i(v) = 4*v**2 - 3*v - 1. What is i(4)?
51
Let h(z) = 10*z**3 + z**2 + z - 3. Determine h(1).
9
Let j(v) = v**3 + 8*v**2 + 5*v. Determine j(-7).
14
Let v(g) = -g**3 - g**2 - 11. What is v(0)?
-11
Let i(k) = 2*k**2 - 2*k + 2. Calculate i(3).
14
Let d(x) = -x**2 + 5*x + 9. Give d(6).
3
Let p(q) = q**3 - 5*q**2 - 4*q + 8. What is p(6)?
20
Let h(d) = -4*d**2 - 7*d - 8. What is h(-4)?
-44
Let v(u) = u**2 - 16*u + 54. Calculate v(10).
-6
Let a(h) = -h**2 + 5*h + 30. Give a(8).
6
Let v(z) = z**2 + 6*z - 6. Determine v(-6).
-6
Let f(z) = z + 7. Calculate f(-9).
-2
Let k(i) = -5*i**3 + 2*i**2 - 9*i - 10. Determine k(-1).
6
Let f(h) = -h - 10. Determine f(-28).
18
Let w(o) = -7*o. Calculate w(3).
-21
Let a(p) = -p**3 - 4*p**2 + 5*p - 9. Give a(-5).
-9
Let i(l) = -l**3 + 7*l**2 + 7*l + 12. What is i(8)?
4
Let k(w) = 81*w**2 + 2*w - 1. Determine k(1).
82
Let k(h) = -h**2 - 2*h + 64. Give k(0).
64
Let p(k) = k**3 + 11*k**2 - k + 9. Give p(-11).
20
Let f(l) = l**3 + 6*l**2 + 4*l + 2. Determine f(-5).
7
Let b(k) = 3*k**2 - 7*k + 3. Determine b(-2).
29
Let r(c) = c**3 + 6*c**2 - 10*c - 32. What is r(-6)?
28
Let x(y) = y**3 - 6*y**2 + 10*y + 9. Calculate x(5).
34
Let p(r) = -r**2 + 17*r - 34. What is p(15)?
-4
Let g(i) = -i**2 - 13*i + 455. Determine g(-29).
-9
Let g(k) = k**3 + 18*k**2 - 38*k + 50. What is g(-20)?
10
Let k(q) = -5*q**2 + 51*q - 50. What is k(1)?
-4
Let x(s) = s + 3. Calculate x(-11).
-8
Let j(i) = -10*i + 28. Give j(4).
-12
Let d(i) = 4*i + 40. Determine d(-9).
4
Let z(f) = f**2 + 4*f - 1. Give z(-5).
4
Let b(s) = -4*s - 1. What is b(-1)?
3
Let s(k) = k**2 - 3*k - 6. What is s(-4)?
22
Let r(u) = 105*u. What is r(1)?
105
Let b(s) = -2*s**2 - 7*s + 11. Determine b(-5).
-4
Let c(r) = r**3 + r**2 + 4*r - 14. What is c(0)?
-14
Let q(h) = -32*h + 21. Determine q(0).
21
Let y(g) = -2*g**2 - 3. Calculate y(0).
-3
Let j(b) = -7*b - 66. Calculate j(-9).
-3
Let y(s) = s**3 - 15*s + 7. Calculate y(2).
-15
Let x(q) = -q**2 - 22*q - 121. Determine x(-11).
0
Let z(v) = v**3 + 10*v**2 - 10*v - 95. What is z(-10)?
5
Let x(u) = 2*u - 12. What is x(7)?
2
Let p(h) = h**2 + 3*h - 12. Determine p(-8).
28
Let w(p) = -p**2 + 16*p + 17. What is w(17)?
0
Let n(h) = 5*h - 47. Calculate n(10).
3
Let l(m) = m**3 - m**2 + 3*m + 3. Determine l(-1).
-2
Let s(w) = w**3 - 3*w**2 - 10*w + 10. Determine s(5).
10
Let z(n) = 2*n + 16. Determine z(-9).
-2
Let i(t) = -t**3 + 18*t**2 + 41*t + 49. Determine i(20).
69
Let j(z) = 2*z - 12. Determine j(8).
4
Let f(i) = -i - 31. Determine f(0).
-31
Let w(k) = -k**2 + 13*k + 39. Calculate w(18).
-51
Let b(x) = -3*x**3 + 2*x**2 - 2*x + 2. Give b(2).
-18
Let i(o) = o**3 - 3*o**2 - 3*o - 9. What is i(3)?
-18
Let f(r) = r**3 - 11*r**2 + 21*r + 3. What is f(2)?
9
Let y(a) = -a**3 + 10*a**2 - 10*a - 10. Give y(9).
-19
Let z(h) = h**3 + 10*h**2 - 6*h + 10. Determine z(-11).
-45
Let d(x) = 4*x - 7. Calculate d(6).
17
Let t(h) = -h**2 + 11*h - 17. Determine t(7).
11
Let d(h) = -h**2 - 4*h + 13. Give d(-6).
1
Let g(d) = -58*d**3 - 2*d**2 + d. Determine g(1).
-59
Let m(h) = 39*h**2 + h - 1. Determine m(1).
39
Let s(u) = -u**3 + 4*u**2 + 2*u - 12. What is s(4)?
-4
Let x(h) = -h**3 - 2*h**2 + 5*h + 8. Determine x(-4).
20
Let b(q) = q**3 + 2. Give b(-2).
-6
Let g(s) = s**3 - 27*s**2 - 31*s + 82. What is g(28)?
-2
Let c(j) = -j**3 + 13*j**2 - 24*j + 12. Calculate c(11).
-10
Let t(n) = -n**3 + 2*n**2 + 6*n - 7. Determine t(3).
2
Let b(y) = -y**3 - 18*y**2 - 5*y - 17. Determine b(-18).
73
Let t(i) = i**2 - 3*i. Calculate t(-6).
54
Let b(y) = -2*y**2 + 12*y - 3. Determine b(5).
7
Let h(j) = -10*j - 742. Give h(-75).
8
Let q(h) = h**3 - 14*h**2 + 23*h - 132. What is q(13)?
-2
Let p(v) = -3*v**2 + 8*v + 2. Calculate p(5).
-33
Let n(p) = p**3 + 9*p**2 + 8*p + 7. Give n(-8).
7
Let o(b) = -b**2 - 6. Calculate o(0).
-6
Let a(l) = 2*l**3 + 13*l**2 - 5*l + 8. What is a(-7)?
-6
Let j(o) = o**3 + 3*o + 3. Give j(-2).
-11
Let u(h) = -2*h - 22. Determine u(-10).
-2
Let z(m) = -m**3 + 3*m**2 - 2*m + 5. Give z(4).
-19
Let s(y) = -y**3 + 15*y**2 + 30*y + 9. Calculate s(17).
-59
Let b(p) = 2*p + 29. Calculate b(-20).
-11
Let m(k) = 2*k**2 - 10*k - 15. Give m(-2).
13
Let c(d) = -3*d**2 - 2*d + 9. Determine c(2).
-7
Let i(q) = -2*q**3 - 2*q**2 + 5*q + 9. Give i(-3).
30
Let j(a) = -5*a**2 - 33*a - 3. Determine j(-7).
-17
Let v(f) = -2*f**2 - 11*f - 14. Determine v(-9).
-77
Let s(j) = -j**2 + 19*j - 42. Calculate s(3).
6
Let d(q) = q**3 - 12*q**2 + 7*q - 5. Calculate d(11).
-49
Let n(x) = x**3 - 2*x**2 - 17*x - 13. Determine n(-2).
5
Let m(u) = u**3 - 5*u**2 - 3*u - 3. What is m(4)?
-31
Let q(m) = 2*m - 24. Give q(17).
10
Let h(m) = -m - 10. Calculate h(-5).
-5
Let o(b) = -b**3 - 2*b**2 + b - 2. Give o(-3).
4
Let w(q) = -q**2 - 14*q - 13. Determine w(-13).
0
Let v(d) = d**3 + 2*d**2 + 13. Calculate v(-3).
4
Let i(t) = 10*t - 37. What is i(6)?
23
Let v(z) = z**3 + 12*z**2 - 8*z + 56. Give v(-13).
-9
Let k(q) = q**3 - 8*q**2 + 14*q - 5. Calculate k(2).
-1
Let b(w) = -8*w - 74. What is b(-10)?
6
Let z(a) = -a**2 - 3*a - 3. Give z(-2).
-1
Let f(z) = -z**3 + 26*z**2 - 47*z + 25. Calculate f(24).
49
Let k(i) = -9*i + 78. Determine k(9).
-3
Let p(r) = r**3 + 9*r**2 - r - 7. What is p(-9)?
2
Let g(m) = 6*m**2 + 24*m + 7. Give g(-4).
7
Let h(m) = m**3 + 11*m**2 + 9*m. What is h(-10)?
10
Let l(g) = -g**2 - 20*g. Calculate l(-22).
-44
Let d(z) = z**3 + 4*z**2 + 6*z + 6. Give d(-3).
-3
Let z(y) = -2*y**2 - 13*y + 3. What is z(-9)?
-42
Let y(d) = -d + 24. Determine y(11).
13
Let b(o) = 5*o**2 + 206*o + 46. What is b(-41)?
5
Let f(j) = -j**2 - 2*j + 26. Give f(0).
26
Let t(j) = j**3 - 3*j**2 - 5*j. Determine t(4).
-4
Let i(g) = -6*g - 24. Calculate i(-20).
96
Let p(q) = -q**3 + 9*q**2 - 7*q - 12. Give p(8).
-4
Let p(t) = -5*t + 35. What is p(9)?
-10
Let u(x) = -x**3 + 17*x**2 + 3*x + 16. Give u(17).
67
Let j(v) = -v**2 - 48*v - 14. Determine j(-48).
-14
Let u(j) = 3*j + 44. Determine u(-9).
17
Let n(s) = -2*s**2 - 58*s - 50. Determine n(-28).
6
Let i(a) = 2*a - 